is 644 + -304?
340
In base 12, what is 892 - -1300?
1b92
In base 11, what is 378622 + 1?
378623
In base 16, what is 3870b + 0?
3870b
In base 15, what is -520 - -91?
-47e
In base 8, what is -3 + -44040?
-44043
In base 16, what is -5c78 - 13?
-5c8b
In base 5, what is -2 + -30204020?
-30204022
In base 5, what is -121224443 - 0?
-121224443
In base 13, what is 192 + -733?
-571
In base 14, what is 0 + -105170?
-105170
In base 5, what is 1021 - -1130334?
1131410
In base 10, what is 12 + 21442?
21454
In base 8, what is 13145 - 105?
13040
In base 4, what is 1231111303 - -13?
1231111322
In base 13, what is -5 - -93?
8b
In base 7, what is 113200 + 3?
113203
In base 2, what is 100011001011111 - -10100?
100011001110011
In base 13, what is -67493 + -1?
-67494
In base 6, what is -202220 + 55?
-202121
In base 13, what is 9 + 1262?
126b
In base 12, what is -7 + -6830?
-6837
In base 15, what is -10b8 + 2a?
-108d
In base 2, what is -11011001100 - 0?
-11011001100
In base 7, what is 324025 - -5?
324033
In base 16, what is a8 + 5d?
105
In base 16, what is -2d + -49?
-76
In base 7, what is -5 - 211112?
-211120
In base 12, what is -4 + 258474?
258470
In base 11, what is 3 + 24962?
24965
In base 2, what is 10000110000111011 + -1110?
10000110000101101
In base 16, what is -a - -2922?
2918
In base 7, what is 3 - -53060?
53063
In base 13, what is 26946 + 3?
26949
In base 14, what is 9b666 - -1?
9b667
In base 13, what is -b3372 - 1?
-b3373
In base 8, what is -21713 + 22?
-21671
In base 13, what is 191b + -9?
1912
In base 8, what is 134 + -20040?
-17704
In base 9, what is 3 - -314164?
314167
In base 8, what is 2027 - -561?
2610
In base 11, what is -401 - 1732?
-2033
In base 12, what is 6b49 - -2b?
6b78
In base 7, what is -1545411 + -4?
-1545415
In base 7, what is -325612 + -13?
-325625
In base 3, what is -102220212112 + -120?
-102220220002
In base 2, what is -1011000 + -101001000?
-110100000
In base 13, what is 5 - 445c?
-4457
In base 12, what is 0 - 78243?
-78243
In base 7, what is -24 - -53410?
53353
In base 9, what is -1 + -2174784?
-2174785
In base 3, what is 122 - -10211222210?
10212000102
In base 15, what is 694d + 27?
6975
In base 9, what is 3 - -27067?
27071
In base 10, what is -2749445 + -5?
-2749450
In base 3, what is 120121111122 - 112?
120121111010
In base 13, what is 4a + -29?
21
In base 6, what is 101 - -302140?
302241
In base 14, what is -128 + 305?
1bb
In base 5, what is 3302 - 20141?
-11334
In base 6, what is 1242 + 132?
1414
In base 13, what is 348217 + 2?
348219
In base 4, what is 11 - -2021100?
2021111
In base 6, what is -3 - 144350?
-144353
In base 6, what is -5522033 + -1?
-5522034
In base 5, what is -321 + 100120?
44244
In base 5, what is -43014200 - -2?
-43014143
In base 16, what is -124 - 6?
-12a
In base 8, what is 3 - -243555?
243560
In base 11, what is 274 - 12?
262
In base 13, what is -2 + 42673?
42671
In base 6, what is -20430502 - -5?
-20430453
In base 14, what is 284d9 - -5?
28500
In base 12, what is 4 - -3560?
3564
In base 6, what is -11 + 1242431?
1242420
In base 12, what is -17822a + -1?
-17822b
In base 8, what is -20 + 20773?
20753
In base 14, what is 4 + -8673?
-866d
In base 4, what is -1000132322 - 1?
-1000132323
In base 3, what is -1 + 10020021220?
10020021212
In base 15, what is -3 - -20b10?
20b0c
In base 5, what is -13124111 - 10?
-13124121
In base 4, what is -223010301 + -2?
-223010303
In base 2, what is -111111000111001 - -10?
-111111000110111
In base 15, what is 3d4 - -e12?
12e6
In base 8, what is 276416 - 5?
276411
In base 15, what is -1 + -37067?
-37068
In base 2, what is 1001101010100011 - 110?
1001101010011101
In base 11, what is 275825 + -3?
275822
In base 4, what is -100302001203 - 3?
-100302001212
In base 11, what is 2 - -29a84?
29a86
In base 7, what is 66 - -424?
523
In base 6, what is -4325154 + -2?
-4325200
In base 5, what is 33 + -102432?
-102344
In base 9, what is 17535 + -66?
17458
In base 5, what is 1211340 + -12?
1211323
In base 8, what is -4 + 37227?
37223
In base 11, what is 16492 + 1?
16493
In base 8, what is 215575 + 21?
215616
In base 13, what is -3 + 330a6?
330a3
In base 13, what is 158 - b35?
-9aa
In base 13, what is -10099 + 1?
-10098
In base 11, what is -6 - 14060?
-14066
In base 5, what is 12 + -1313334?
-1313322
In base 16, what is -b0d + 16?
-af7
In base 7, what is 1 - -4543063?
4543064
In base 5, what is 110024 - -1211?
111240
In base 10, what is 3 - -114596?
114599
In base 9, what is 2 + 324118?
324121
In base 12, what is -187a0 + -56?
-18836
In base 15, what is 4 + e8248?
e824c
In base 12, what is 59 + 1249?
12a6
In base 5, what is 22 + 1100210?
1100232
In base 14, what is -3 - 36d?
-372
In base 8, what is -142 - 1543?
-1705
In base 6, what is -4 - 3221413?
-3221421
In base 10, what is 24682 + 6?
24688
In base 5, what is 2214310 - 24?
2214231
In base 12, what is -3327 + -9?
-3334
In base 10, what is 296 + 57?
353
In base 14, what is -1a63 - 26?
-1a89
In base 4, what is -10 + -2020322132?
-2020322202
In base 11, what is -197 + 6a?
-128
In base 4, what is -100 + 11110212?
11110112
In base 12, what is 132 + -24?
10a
In base 10, what is -53038 + -4?
-53042
In base 14, what is 795d - 4?
7959
In base 7, what is -130 - -410364?
410234
In base 14, what is -1d + 200?
1c1
In base 6, what is 13 + -104041?
-104024
In base 14, what is 4 + -5b01?
-5adb
In base 5, what is -1221 + -3342?
-10113
In base 14, what is 615 - -3a?
651
In base 7, what is -33323 + 13?
-33310
In base 16, what is 0 + 1411?
1411
In base 13, what is 55 - 273?
-21b
In base 10, what is 2960 - -38?
2998
In base 16, what is -241e + -1?
-241f
In base 2, what is -100010111000 + 11010110?
-11111100010
In base 12, what is 713476 - 1?
713475
In base 10, what is 40 - 1636?
-1596
In base 14, what is 7225 + 34?
7259
In base 2, what is -100101101001110111 - -11?
-100101101001110100
In base 16, what is -13 - c15?
-c28
In base 16, what is -509a2 - 0?
-509a2
In base 15, what is -bc - -2e29?
2d5c
In base 14, what is 28 + -5d7?
-5ad
In base 2, what is 110000 - -1001011001100?
1001011111100
In base 15, what is -7 + 12aa?
12a3
In base 16, what is -318 - -43?
-2d5
In base 3, what is 122212 + -20102?
102110
In base 7, what is 1 + -6624?
-6623
In base 10, what is 177 - 80?
97
In base 5, what is 24 - -1103?
1132
In base 13, what is 41983 + -23?
41960
In base 7, what is 50 + 51005?
51055
In base 5, what is 33004 - 224?
32230
In base 2, what is -1100111110 + 11001110?
-1001110000
In base 11, what is 5 - -70a72?
70a77
In base 3, what is -1 - 1210121002002?
-1210121002010
In base 4, what is -10 + 112032320?
112032310
In base 11, what is 0 - 36530?
-36530
In base 5, what is -2232 + 4011?
1224
In base 3, what is -12 - -200120201212?
200120201200
In base 5, what is 40421 + -30?
40341
In base 9, what is 478475 - 4?
478471
In base 7, what is 4024 + 2160?
6214
In base 5, what is -300103 - 0?
-300103
In base 16, what is 6b12 - a?
6b08
In base 16, what is f358 - -30?
f388
In base 13, what is -518ba + -9?
-518c6
In base 15, what is b47 - 11?
b36
In base 8, what is -11462730 + -1?
-11462731
In base 4, what is -12010121 + 120?
-12010001
In base 11, what is -1 + -8182?
-8183
In base 4, what is -130131 + 3033?
-121032
In base 16, what is -24 - 8c27?
-8c4b
In base 3, what is 10 - -2002211001?
2002211011
In base 14, what is -16db0 - 4?
-16db4
In base 12, what is 1 - -15aa0?
15aa1
In base 8, what is 1 + -1612271?
-1612270
In base 12, what is 2 + -38a4?
-38a2
In base 9, what is 36664 + 126?
36801
In base 9, what is -1 - -2262542?
2262541
In base 6, what is 1134 + -4?
1130
In base 3, what is 1021212110 + -1?
1021212102
In base 13, what is -2a - 2c?
-59
In base 8, what is 2121752 + -13?
2121737
In base 14, what is 9128 - -3?
912b
In base 2, what is 100111 + 111001?
1100000
In base 15, what is 19d0 + -1?
19ce
In base 7, what is -46051 - -13?
-46035
In base 3, what is 202211212 - -10112?
202222101
In base 11, what is 14848 - a4?
14754
In base 3, what is -102 - -1010102022?
1010101220
In base 6, what is 11 - -212512?
212523
In base 8, what is -30 + 16030?
16000
In base 12, what is -3 - 475403?
-475406
In base 3, what is -122 + -1211?
-2110
In base 7, what is -14 - -32336?
32322
In base 8, what is -11004 - -35?
-10747
In base 7, what is 10103 + 45?
10151
In base 5, what is -10 - 22424?
-2243